{"id":4345,"date":"2023-09-24T09:56:54","date_gmt":"2023-09-24T09:56:54","guid":{"rendered":"https:\/\/greevill.com\/?post_type=product&#038;p=4345"},"modified":"2024-03-10T16:39:03","modified_gmt":"2024-03-10T16:39:03","slug":"okra","status":"publish","type":"product","link":"https:\/\/greevill.com\/pl\/produkt\/okra\/","title":{"rendered":"Okra"},"content":{"rendered":"","protected":false},"excerpt":{"rendered":"<p>Okra jest bogata w b\u0142onnik pokarmow i ma dzia\u0142anie antyoksydacyjne. Dodatkowo obni\u017ca poziom kortyzolu i mo\u017ce wspom\u00f3c obni\u017canie cholesterolu. Dodaje energii i usuwa skutki zm\u0119czenia.<\/p>\n<table width=\"444\">\n<tbody>\n<tr>\n<td width=\"170\">Pochodzenie:+A3:A17+A3:B3<\/td>\n<td width=\"274\">Egipt<\/td>\n<\/tr>\n<tr>\n<td>Kod HS:<\/td>\n<td>0710800091<\/td>\n<\/tr>\n<tr>\n<td>Klasa<\/td>\n<td>A<\/td>\n<\/tr>\n<tr>\n<td>Odmiana<\/td>\n<td width=\"274\">Zero, 1.5, 2.5, 3.5, 4.5, 5.5<\/td>\n<\/tr>\n<tr>\n<td>Rozmiar:<\/td>\n<td>3-6 ~ 6-9<\/td>\n<\/tr>\n<tr>\n<td>Opis produktu:<\/td>\n<td>*************<\/td>\n<\/tr>\n<tr>\n<td>Proces:<\/td>\n<td>myte sortowane, IQF, pakowane<\/td>\n<\/tr>\n<tr>\n<td>Data produkcji<\/td>\n<td>MAJ, CZERWIEC, LIPIEC, SIERPIE\u0143, WRZESIE\u0143<\/td>\n<\/tr>\n<tr>\n<td rowspan=\"5\">Dost\u0119pne opakowanie:<\/td>\n<td>1*10 kg pakowane w worki i karton 10 kg<\/td>\n<\/tr>\n<tr>\n<td>4*2.5 kg pakowane w worki i karton 10 kg<\/td>\n<\/tr>\n<tr>\n<td>10*1 kg pakowane w worki i karton 10 kg<\/td>\n<\/tr>\n<tr>\n<td width=\"274\">*************<\/td>\n<\/tr>\n<tr>\n<td width=\"274\">(zgodnie z \u017cyczeniem klienta)<\/td>\n<\/tr>\n<tr>\n<td>Przechowywanie<\/td>\n<td>w temperaturze -18\u00b0C<\/td>\n<\/tr>\n<tr>\n<td>Data wa\u017cno\u015bci<\/td>\n<td>18 miesi\u0119cy od daty produkcji<\/td>\n<\/tr>\n<\/tbody>\n<\/table>","protected":false},"featured_media":4346,"comment_status":"open","ping_status":"closed","template":"","meta":[],"product_brand":[],"product_cat":[101],"product_tag":[],"class_list":{"0":"post-4345","1":"product","2":"type-product","3":"status-publish","4":"has-post-thumbnail","6":"product_cat-frozen-vegetable","8":"first","9":"instock","10":"shipping-taxable","11":"product-type-simple"},"_links":{"self":[{"href":"https:\/\/greevill.com\/pl\/wp-json\/wp\/v2\/product\/4345","targetHints":{"allow":["GET"]}}],"collection":[{"href":"https:\/\/greevill.com\/pl\/wp-json\/wp\/v2\/product"}],"about":[{"href":"https:\/\/greevill.com\/pl\/wp-json\/wp\/v2\/types\/product"}],"replies":[{"embeddable":true,"href":"https:\/\/greevill.com\/pl\/wp-json\/wp\/v2\/comments?post=4345"}],"wp:featuredmedia":[{"embeddable":true,"href":"https:\/\/greevill.com\/pl\/wp-json\/wp\/v2\/media\/4346"}],"wp:attachment":[{"href":"https:\/\/greevill.com\/pl\/wp-json\/wp\/v2\/media?parent=4345"}],"wp:term":[{"taxonomy":"product_brand","embeddable":true,"href":"https:\/\/greevill.com\/pl\/wp-json\/wp\/v2\/product_brand?post=4345"},{"taxonomy":"product_cat","embeddable":true,"href":"https:\/\/greevill.com\/pl\/wp-json\/wp\/v2\/product_cat?post=4345"},{"taxonomy":"product_tag","embeddable":true,"href":"https:\/\/greevill.com\/pl\/wp-json\/wp\/v2\/product_tag?post=4345"}],"curies":[{"name":"wp","href":"https:\/\/api.w.org\/{rel}","templated":true}]}}

<p>Okra jest bogata w błonnik pokarmow i ma działanie antyoksydacyjne. Dodatkowo obniża poziom kortyzolu i może wspomóc obniżanie cholesterolu. Dodaje energii i usuwa skutki zmęczenia.</p>
<table width="444">
<tbody>
<tr>
<td width="170">Pochodzenie:+A3:A17+A3:B3</td>
<td width="274">Egipt</td>
</tr>
<tr>
<td>Kod HS:</td>
<td>0710800091</td>
</tr>
<tr>
<td>Klasa</td>
<td>A</td>
</tr>
<tr>
<td>Odmiana</td>
<td width="274">Zero, 1.5, 2.5, 3.5, 4.5, 5.5</td>
</tr>
<tr>
<td>Rozmiar:</td>
<td>3-6 ~ 6-9</td>
</tr>
<tr>
<td>Opis produktu:</td>
<td>*************</td>
</tr>
<tr>
<td>Proces:</td>
<td>myte sortowane, IQF, pakowane</td>
</tr>
<tr>
<td>Data produkcji</td>
<td>MAJ, CZERWIEC, LIPIEC, SIERPIEŃ, WRZESIEŃ</td>
</tr>
<tr>
<td rowspan="5">Dostępne opakowanie:</td>
<td>1*10 kg pakowane w worki i karton 10 kg</td>
</tr>
<tr>
<td>4*2.5 kg pakowane w worki i karton 10 kg</td>
</tr>
<tr>
<td>10*1 kg pakowane w worki i karton 10 kg</td>
</tr>
<tr>
<td width="274">*************</td>
</tr>
<tr>
<td width="274">(zgodnie z życzeniem klienta)</td>
</tr>
<tr>
<td>Przechowywanie</td>
<td>w temperaturze -18°C</td>
</tr>
<tr>
<td>Data ważności</td>
<td>18 miesięcy od daty produkcji</td>
</tr>
</tbody>
</table>
