{"id":4348,"date":"2023-09-24T09:57:47","date_gmt":"2023-09-24T09:57:47","guid":{"rendered":"https:\/\/greevill.com\/?post_type=product&#038;p=4348"},"modified":"2023-09-24T09:57:47","modified_gmt":"2023-09-24T09:57:47","slug":"mixed-vegetable","status":"publish","type":"product","link":"https:\/\/greevill.com\/pl\/produkt\/mixed-vegetable\/","title":{"rendered":"Mieszaka warzywa mro\u017conych"},"content":{"rendered":"","protected":false},"excerpt":{"rendered":"<p>Warzywa s\u0105 wa\u017cnym elementem zdrowej diety i stanowi\u0105 \u017ar\u00f3d\u0142o wielu sk\u0142adnik\u00f3w od\u017cywczych, w tym potasu, b\u0142onnika, kwasu foliowego oraz witamin A, E i C.<\/p>\n<table width=\"444\">\n<tbody>\n<tr>\n<td width=\"170\">Pochodzenie:+A3:A17+A3:B3<\/td>\n<td width=\"274\">Egipt<\/td>\n<\/tr>\n<tr>\n<td>Kod HS:<\/td>\n<td>*************<\/td>\n<\/tr>\n<tr>\n<td>Klasa<\/td>\n<td>A<\/td>\n<\/tr>\n<tr>\n<td>Odmiana<\/td>\n<td>*************<\/td>\n<\/tr>\n<tr>\n<td>Rozmiar:<\/td>\n<td>*************<\/td>\n<\/tr>\n<tr>\n<td>Opis produktu:<\/td>\n<td>*************<\/td>\n<\/tr>\n<tr>\n<td>Proces:<\/td>\n<td>Umyte, posortowane, pokrojone, IQF, zapakowane<\/td>\n<\/tr>\n<tr>\n<td>Data produkcji<\/td>\n<td>Ca\u0142y rok<\/td>\n<\/tr>\n<tr>\n<td rowspan=\"5\">Dost\u0119pne opakowanie:<\/td>\n<td>1*10 kg pakowane w worki i karton 10 kg<\/td>\n<\/tr>\n<tr>\n<td>4*2.5 kg pakowane w worki i karton 10 kg<\/td>\n<\/tr>\n<tr>\n<td>10*1 kg pakowane w worki i karton 10 kg<\/td>\n<\/tr>\n<tr>\n<td width=\"274\">*************<\/td>\n<\/tr>\n<tr>\n<td width=\"274\">(zgodnie z \u017cyczeniem klienta)<\/td>\n<\/tr>\n<tr>\n<td>Przechowywanie<\/td>\n<td>w temperaturze -18\u00b0C<\/td>\n<\/tr>\n<tr>\n<td>Data wa\u017cno\u015bci<\/td>\n<td>18 miesi\u0119cy od daty produkcji<\/td>\n<\/tr>\n<\/tbody>\n<\/table>","protected":false},"featured_media":4349,"comment_status":"open","ping_status":"closed","template":"","meta":[],"product_brand":[],"product_cat":[101],"product_tag":[],"class_list":{"0":"post-4348","1":"product","2":"type-product","3":"status-publish","4":"has-post-thumbnail","6":"product_cat-frozen-vegetable","8":"first","9":"instock","10":"shipping-taxable","11":"product-type-simple"},"_links":{"self":[{"href":"https:\/\/greevill.com\/pl\/wp-json\/wp\/v2\/product\/4348","targetHints":{"allow":["GET"]}}],"collection":[{"href":"https:\/\/greevill.com\/pl\/wp-json\/wp\/v2\/product"}],"about":[{"href":"https:\/\/greevill.com\/pl\/wp-json\/wp\/v2\/types\/product"}],"replies":[{"embeddable":true,"href":"https:\/\/greevill.com\/pl\/wp-json\/wp\/v2\/comments?post=4348"}],"wp:featuredmedia":[{"embeddable":true,"href":"https:\/\/greevill.com\/pl\/wp-json\/wp\/v2\/media\/4349"}],"wp:attachment":[{"href":"https:\/\/greevill.com\/pl\/wp-json\/wp\/v2\/media?parent=4348"}],"wp:term":[{"taxonomy":"product_brand","embeddable":true,"href":"https:\/\/greevill.com\/pl\/wp-json\/wp\/v2\/product_brand?post=4348"},{"taxonomy":"product_cat","embeddable":true,"href":"https:\/\/greevill.com\/pl\/wp-json\/wp\/v2\/product_cat?post=4348"},{"taxonomy":"product_tag","embeddable":true,"href":"https:\/\/greevill.com\/pl\/wp-json\/wp\/v2\/product_tag?post=4348"}],"curies":[{"name":"wp","href":"https:\/\/api.w.org\/{rel}","templated":true}]}}

Mieszaka warzywa mrożonych

<p>Warzywa są ważnym elementem zdrowej diety i stanowią źródło wielu składników odżywczych, w tym potasu, błonnika, kwasu foliowego oraz witamin A, E i C.</p>
<table width="444">
<tbody>
<tr>
<td width="170">Pochodzenie:+A3:A17+A3:B3</td>
<td width="274">Egipt</td>
</tr>
<tr>
<td>Kod HS:</td>
<td>*************</td>
</tr>
<tr>
<td>Klasa</td>
<td>A</td>
</tr>
<tr>
<td>Odmiana</td>
<td>*************</td>
</tr>
<tr>
<td>Rozmiar:</td>
<td>*************</td>
</tr>
<tr>
<td>Opis produktu:</td>
<td>*************</td>
</tr>
<tr>
<td>Proces:</td>
<td>Umyte, posortowane, pokrojone, IQF, zapakowane</td>
</tr>
<tr>
<td>Data produkcji</td>
<td>Cały rok</td>
</tr>
<tr>
<td rowspan="5">Dostępne opakowanie:</td>
<td>1*10 kg pakowane w worki i karton 10 kg</td>
</tr>
<tr>
<td>4*2.5 kg pakowane w worki i karton 10 kg</td>
</tr>
<tr>
<td>10*1 kg pakowane w worki i karton 10 kg</td>
</tr>
<tr>
<td width="274">*************</td>
</tr>
<tr>
<td width="274">(zgodnie z życzeniem klienta)</td>
</tr>
<tr>
<td>Przechowywanie</td>
<td>w temperaturze -18°C</td>
</tr>
<tr>
<td>Data ważności</td>
<td>18 miesięcy od daty produkcji</td>
</tr>
</tbody>
</table>
